 factor of 19844708 and 52?
52
Calculate the highest common factor of 368839 and 3166.
1583
What is the highest common divisor of 23 and 120433?
1
What is the highest common factor of 379670553 and 3573?
3573
What is the greatest common divisor of 220692 and 5512?
212
Calculate the greatest common factor of 82203 and 2271.
3
What is the highest common factor of 31045677 and 741?
741
What is the greatest common divisor of 24 and 133250472?
24
What is the greatest common factor of 16033533 and 799?
799
Calculate the highest common factor of 460 and 18794910.
230
What is the highest common divisor of 535 and 511310?
5
What is the greatest common divisor of 6399722 and 14890?
2978
Calculate the highest common divisor of 166252524 and 24.
12
What is the greatest common factor of 55 and 18569815?
55
Calculate the highest common factor of 38061371 and 241.
241
What is the greatest common factor of 367749 and 22620?
87
What is the greatest common factor of 90381 and 2322834?
141
What is the greatest common divisor of 517358 and 391702?
278
What is the greatest common divisor of 8531439 and 1029?
1029
What is the greatest common divisor of 306 and 83853112?
34
Calculate the highest common divisor of 100 and 16676760.
20
Calculate the greatest common factor of 397677 and 17023.
29
Calculate the highest common divisor of 456 and 34185192.
24
Calculate the greatest common divisor of 994020 and 960.
60
Calculate the greatest common factor of 493 and 2429417.
29
Calculate the greatest common factor of 344 and 12770183.
43
Calculate the highest common divisor of 1704656 and 176.
16
What is the greatest common factor of 19695 and 4767503?
1313
Calculate the greatest common factor of 24419265 and 24735.
1455
Calculate the greatest common divisor of 155 and 31570580.
5
What is the highest common factor of 3265965 and 4725?
45
Calculate the greatest common divisor of 510 and 97685520.
30
Calculate the greatest common factor of 280 and 212432780.
140
Calculate the highest common divisor of 695246 and 435.
29
Calculate the greatest common factor of 756 and 1315548.
108
What is the greatest common divisor of 133146 and 315226?
1138
Calculate the greatest common divisor of 21 and 368319.
21
What is the highest common divisor of 755 and 212983235?
755
What is the greatest common divisor of 207 and 28362657?
69
What is the highest common divisor of 179451 and 712089?
1143
Calculate the greatest common factor of 19886 and 879548.
326
What is the greatest common factor of 978891835 and 15?
5
What is the greatest common factor of 928071 and 23787?
27
What is the greatest common factor of 988410889 and 17?
17
What is the greatest common factor of 2452 and 367?
1
What is the greatest common factor of 1094 and 28606?
2
Calculate the highest common factor of 162041400 and 18000.
1800
What is the greatest common divisor of 982 and 2365147?
491
What is the greatest common divisor of 55204 and 7292?
4
What is the greatest common divisor of 2824318 and 3752?
938
What is the highest common factor of 5537824 and 368?
16
What is the greatest common factor of 3594 and 9831387?
1797
What is the greatest common divisor of 273 and 8958261?
39
Calculate the greatest common divisor of 40 and 47668480.
40
Calculate the greatest common factor of 161766 and 32883642.
3762
Calculate the highest common factor of 2032 and 47242222.
254
Calculate the highest common factor of 3012297922 and 1198.
1198
Calculate the highest common divisor of 161 and 3265584.
7
What is the greatest common factor of 452 and 190964?
4
Calculate the greatest common divisor of 2188 and 946854812.
2188
Calculate the greatest common divisor of 2264344 and 92.
4
What is the highest common factor of 33726592 and 288?
32
Calculate the highest common factor of 303070 and 640.
10
What is the greatest common divisor of 5632 and 678634?
22
What is the highest common factor of 1462 and 435166?
34
What is the highest common factor of 185731892 and 116?
116
Calculate the highest common factor of 1103 and 793444153.
1103
What is the highest common factor of 4214405 and 68770?
1495
Calculate the greatest common divisor of 993 and 4374496.
331
Calculate the greatest common divisor of 20 and 13636115.
5
What is the greatest common divisor of 3535 and 272045?
5
Calculate the greatest common divisor of 14009262 and 6.
6
Calculate the highest common factor of 2241 and 9944064.
747
What is the greatest common factor of 508 and 771167114?
254
Calculate the highest common factor of 426 and 358905426.
426
Calculate the highest common factor of 37818 and 104778207.
1719
Calculate the greatest common divisor of 495987250 and 330.
110
Calculate the greatest common factor of 36944635 and 15015.
455
What is the highest common factor of 3342258 and 468?
18
Calculate the highest common divisor of 9773 and 491346.
337
What is the greatest common factor of 3172 and 334646?
1586
Calculate the highest common factor of 972 and 47412432.
108
Calculate the highest common factor of 17 and 5842662221.
17
What is the highest common factor of 118495134 and 19224?
1602
What is the highest common divisor of 148070 and 645320?
2210
Calculate the greatest common divisor of 945 and 158655.
105
Calculate the highest common divisor of 17 and 1265497459.
17
What is the highest common factor of 205033136 and 440?
88
Calculate the greatest common factor of 6174 and 994063.
49
What is the highest common factor of 127184115 and 2027?
2027
What is the greatest common factor of 40 and 97391180?
20
Calculate the greatest common divisor of 4264884 and 84500.
676
Calculate the highest common factor of 58708 and 210808.
52
What is the greatest common factor of 2966463 and 2764?
691
What is the highest common divisor of 30454663 and 703?
703
What is the greatest common factor of 5204056 and 3146?
286
What is the greatest common factor of 857000960 and 30?
10
What is the highest common divisor of 1935623250 and 1980?
990
What is the greatest common divisor of 434238 and 1922172?
2058
Calculate the highest common divisor of 3700 and 9964310.
10
Calculate the greatest common factor of 268098312 and 1572.
1572
Calculate the greatest common divisor of 1513 and 36340747.
1513
Calculate the highest common factor of 264749156 and 1764.
196
What is the highest common divisor of 711359 and 4750232?
5879
Calculate the greatest common divisor of 326992 and 237413.
191
What is the highest common factor of 841306 and 333?
37
What is the greatest common factor of 2350553 and 5036?
1259
Calculate the greatest common factor of 519380 and 11100.
20
Calculate the highest common divisor of 134 and 30504.
2
Calculate the greatest common factor of 8316 and 4094244.
2772
What is the greatest common divisor of 10659 and 157947?
969
What is the highest common factor of 13979840 and 5488?
112
What is the greatest common divisor of 34587999 and 2166?
57
Calculate the greatest common factor of 337 and 519022.
1
Calculate the greatest common factor of 1388631414 and 1206.
402
What is the highest common divisor of 4818 and 209072?
146
What is the greatest common divisor of 185334 and 4929521?
1817
Calculate the highest common factor of 2804691302 and 49.
49
Calculate the greatest common factor of 90729 and 4029.
51
Calculate the highest common factor of 505 and 2810729.
101
What is the greatest common factor of 3542508 and 432?
108
What is the greatest common divisor of 624 and 2897232?
624
What is the greatest common divisor of 97 and 15489348?
97
Calculate the greatest common divisor of 34691 and 545564.
113
What is the highest common divisor of 389136 and 196944?
528
What is the highest common divisor of 125104 and 19600?
112
Calculate the highest common divisor of 19830112 and 30992.
2384
What is the highest common divisor of 419881 and 3817?
11
Calculate the highest common factor of 604058 and 8372.
182
What is the greatest common divisor of 12888 and 3471840?
72
Calculate the highest common factor of 560 and 3050040.
280
What is the greatest common divisor of 98 and 35140154?
98
Calculate the highest common divisor of 6030 and 6255.
45
Calculate the highest common factor of 681483 and 6099.
321
What is the highest common factor of 249 and 48249?
3
Calculate the highest common divisor of 4788 and